 -2*d, 5*d = x + 14. What is the remainder when 25 is divided by x?
1
Let k(p) = 2*p**2 + 18*p + 2. Let f be k(-9). Let y = f - -29. Suppose 34 = h - y. Calculate the remainder when h is divided by 22.
21
Let g(x) = -9*x + 411. What is the remainder when 6039 is divided by g(28)?
156
Let t(v) = 2*v**2 + v + 3. Let u = -75 + 73. Calculate the remainder when (-12)/54 - 227/(-9) is divided by t(u).
7
Suppose m = -4*n + 56, 2*n = m + 14 + 20. What is the remainder when (17 - -104) + 27 - 0 is divided by n?
13
Suppose -7*f - 106 = -6*f. Let o be ((-6)/27)/(-2) - 1124/(-9). Let m = f + o. Calculate the remainder when 87 is divided by m.
11
Suppose -63*i + 58*i + 14624 = -2*p, 0 = 2*i + 3*p - 5823. What is the remainder when i is divided by 65?
62
Suppose -u + 38 = 3*a - 3*u, a - u - 12 = 0. Suppose -86 = a*q - 2592. What is the remainder when q is divided by 42?
11
Suppose 386 = 4*n - 2*l + 4*l, 3*n - 3*l = 276. What is the remainder when (1 - (5 + -3 - 3)) + n is divided by 26?
19
Suppose 3*y = 5*y - 3*q - 3, 0 = -y - q + 4. Suppose y*p - b = b - 85, -5*p + 3*b = 141. Calculate the remainder when 16 is divided by -4*42/p - (-8)/(-36).
4
Let m(l) = -2*l**3 - 39*l**2 + 25*l - 61. Calculate the remainder when m(-21) is divided by 39.
35
Suppose -4*f = 6 - 30, -3*h + 7668 = -4*f. What is the remainder when h is divided by 232?
12
Suppose 5*s - 8 - 37 = 0. Let f(i) = i**3 - 9*i**2 + i - 9. Let h be f(s). Let q(a) = -4*a + 21. Calculate the remainder when 38 is divided by q(h).
17
Let q(m) = -3*m**3 + 27*m**2 + 9*m - 43. Calculate the remainder when 181 is divided by q(9).
29
Suppose -3*j = 9, -h - 4*j = -2*h + 15. Suppose h*d = 2*d + 86. Let r = d - -9. What is the remainder when r is divided by 16?
15
Suppose 11*w - 6*w + 5*d = -1715, -3*d - 1373 = 4*w. Let s = w + 421. What is the remainder when 381 is divided by s?
73
Suppose -s + 3*s - 2*c = 72, -4*s = -2*c - 148. Calculate the remainder when ((-4)/(-6))/(8/1308) is divided by s.
33
Suppose -443*c + 2*o - 21 = -448*c, -2*c - 5*o - 21 = 0. Calculate the remainder when c is divided by (1 - 1/3)*3.
1
Let x = 83 - 56. Let a be (7 - 11 - -2) + 19. Suppose -3*k + a*i - 21*i = -41, -25 = -5*i. Calculate the remainder when x is divided by k.
6
Let v be (0 - -2)*1/(-2). Let q(d) = -25*d**3 - 2*d**2 - 2*d - 1. What is the remainder when 41 is divided by q(v)?
17
Suppose 7*x - 409 = 4274. Let n = -799 - -883. Calculate the remainder when x is divided by n.
81
Suppose 46*i = 42*i + 620. Suppose -2*g + 26 = 4*j - 0*g, 0 = j + 2*g - 2. What is the remainder when i is divided by (-78)/j*(6 + -10)?
38
Let i = -37 - -42. Suppose -5*t - 130 = -i*j, 5*t - 95 = -5*j + 3*t. What is the remainder when 41 is divided by j?
20
Suppose 30*b = 25*b + 20. What is the remainder when 47 is divided by 23 + 12*b/(-8)?
13
Suppose -12189 = -141*w + 5577. Calculate the remainder when 855 is divided by w.
99
Let v be 1*(-6 + 7)*(2 + 1). Suppose -10*w - 144 = -v*m - 12*w, -4*w - 62 = -m. What is the remainder when 249 is divided by m?
49
Let i(u) = -643*u - 1121. What is the remainder when i(-10) is divided by 32?
29
Let t(h) = h**3 + 19*h**2 + 47*h + 629. What is the remainder when t(-18) is divided by (-37)/2*(0 + -2)?
33
Let x = -251 - -305. Suppose -23*s + x = -268. Suppose -2*v + 52 = l, 2*l - 107 = -4*v + 3*v. What is the remainder when l is divided by s?
12
Let q = -1911 - -2090. What is the remainder when q is divided by (1 - -53)*17/51?
17
Let y(x) = x**2 + 7. Let s be 1/(35/(-10)) - 48/(-21). Suppose 4*l - 3*l + 14 = -4*n, 2*n + 12 = s*l. What is the remainder when y(0) is divided by l?
1
Suppose 214 - 72 = 4*h + 74. What is the remainder when 1561 is divided by h?
14
Suppose -7*g = -44*g + 629. Calculate the remainder when 1527 is divided by g.
14
Let l = 754 - 756. What is the remainder when 75 is divided by 68 + ((-60)/(-5))/l?
13
Suppose 0*g - 144 = -4*g + 2*x, -g = -4*x - 29. Suppose 2024 = 90*n + 163*n. Calculate the remainder when g is divided by n.
5
Suppose -58*q + 54*q = 140. Let c = q + 155. Suppose -2*b + 31 = -b. Calculate the remainder when c is divided by b.
27
What is the remainder when 2359 is divided by (-14)/(-12) + -2 + (-718)/(-12)?
58
Suppose -192 = -4*n + 4*l, 0 = 5*n + 4*l + 153 - 411. Suppose 74*c = 27*c - 77*c + 12199 + 325. Calculate the remainder when c is divided by n.
1
Let a(t) = t + 11. Suppose n = -9*n + 60. Suppose n*u - 8 = 2*u. What is the remainder when a(-5) is divided by u?
0
Let l(w) = -9*w**2 + 198*w + 2. What is the remainder when 23 is divided by l(22)?
1
Let x = -1572 - -1609. What is the remainder when 5398 is divided by x?
33
Suppose 690 - 3150 = -12*n. Let a = 210 - n. What is the remainder when 19 is divided by a?
4
Let a(k) = -k**3 + 9*k**2 + 11*k - 4. Let l be a(10). Suppose -l*d + 4*p = -2*d - 56, -4*d - p = -36. What is the remainder when d is divided by 2?
0
Let t be 1/(-5) - (811110/(-75))/19. Suppose 2*x - t - 222 = -h, -5*x = -h - 1995. Calculate the remainder when x is divided by 80.
78
Let h(m) = -m + 30. Let b be h(-17). Let c = 39 - b. Let o = -1 - c. Calculate the remainder when o is divided by 4.
3
Suppose 5*z + 0*z = 20. Suppose 3*o - 5*d = -1, -o - 20 = -5*o - z*d. Suppose -o*l = l - t - 79, 2*t = -2*l + 52. What is the remainder when 60 is divided by l?
18
Suppose 2*y + 41 = 65. Suppose -y*c + 3*s = -15*c + 30, 2*c - 2*s - 40 = 0. Calculate the remainder when 163 is divided by c.
13
Let l(n) = 2*n**3 + 64*n**2 + 45*n + 6. Let v be l(-31). Let p = v + -514. Calculate the remainder when 130 is divided by p.
16
Let s be 3954*(8/3)/4. Let l be 0 + s/36 + 8/(-36). Suppose -3*h - 5 = -20, -3*t + l = -4*h. What is the remainder when t is divided by 9?
4
Let j(h) = 7*h**2 + 6*h - 10. Let l(q) = q + 1. Let g(s) = -21*s + 6. Let m(b) = g(b) - 2*l(b). Calculate the remainder when m(-5) is divided by j(2).
29
Suppose 8*b - 3*b = -2*v + 115, -3*v + 92 = 4*b. Suppose 45*r - h = 50*r - 46, 0 = -h + 1. Let s = b - r. What is the remainder when 18 is divided by s?
4
Let q(y) = 2*y**2 + 32*y - 29. Let c be q(-17). Let f(z) = 3*z**2 - 14*z + 21. Calculate the remainder when 152 is divided by f(c).
22
Calculate the remainder when 22*(13 + -2 + (-3)/(-3)*-3) is divided by 34.
6
Suppose 0 = 46*i - 138*i + 2668. What is the remainder when 576 is divided by i?
25
Let g(d) = d**2 - 6*d + 7. Let b be g(1). Suppose 0 = b*f - 305 + 47. Calculate the remainder when f is divided by 33.
30
Suppose 0 = m - 2 - 0. Suppose m*y + 0 = 4. Suppose -2*v + 2*z + 16 = -3*z, y*z - 80 = -4*v. What is the remainder when 53 is divided by v?
17
Suppose -4*b = -14*z + 982, -24 = 15*z - 16*z + 3*b. Calculate the remainder when z is divided by (1*15)/(3/2).
5
Let u(w) = -w**2 + 14*w - 29. Let s be u(11). Let l(d) = d**2 + 8. Calculate the remainder when 117 is divided by l(s).
21
Let n(w) = -w**3 - 7*w**2 + 31*w + 173. What is the remainder when 947 is divided by n(-9)?
51
Suppose 7*y - 9*y - 5*t = -49, -y + 3*t - 3 = 0. What is the remainder when 23 is divided by (2/y*-3)/(2/(-32))?
7
What is the remainder when 58 is divided by (48/8 + -9)/((-2)/26 - 0)?
19
Suppose -23*j + 45*j - 14388 = 0. What is the remainder when j is divided by 65?
4
Suppose 0 = 2*n - 4*n + 46. Suppose 9*i - 202 - n = 0. Calculate the remainder when 99 is divided by i.
24
Let n = -414 - -472. Suppose n*u - 105 = 23*u. Let t(y) = 5*y**2 + y - 1. Calculate the remainder when t(1) is divided by u.
2
Let x be (-39)/78*(-13 + -1*1). Suppose -5*g = t - 59, -x*g + 3*g + 47 = t. Calculate the remainder when 34 is divided by g.
10
Let j = -45 + 53. Suppose 0 = j*m + 301 - 893. Suppose 2*a + 14 = m. Calculate the remainder when a is divided by 11.
8
Let w(v) = -22*v - v**3 + 2*v**3 + 3831 + 6*v**2 - 3843. Calculate the remainder when w(-7) is divided by 52.
41
Let j(z) = 2*z**2 + 529*z + 26477. Let o = -51 + 87. What is the remainder when j(-198) is divided by o?
35
Let w(i) = 19*i**2 - 16*i + 13. Let n(x) = 9*x**2 - 8*x + 7. Let v(y) = 13*n(y) - 6*w(y). Let b = 43 - 30. What is the remainder when v(5) is divided by b?
9
Let x(h) = 2*h**3 - 4*h**2 + 3. Suppose 3*n - 171 = 129. Let d = n + -17. Calculate the remainder when d is divided by x(3).
20
Suppose 0 = -2*l - c + 36, -c = -4*l - 2*c + 68. Suppose -116*s = 420*s - 40432 - 6200. What is t